f?
1
Let l(j) be the second derivative of j**5/20 - j**4/12 - j**3/6 + 10*j**2 - 3*j. What is the units digit of l(0)?
0
Let l(z) = z + 2. Let w(c) = c**3 + 4*c**2 - 3*c - 1. Let x be w(-4). What is the units digit of l(x)?
3
Let b = -112 + 175. What is the units digit of b?
3
Let r(k) = 4*k**2 - 2*k - 4. What is the tens digit of r(3)?
2
Let j = -44 + 74. What is the tens digit of j?
3
Let h = 2 + 3. What is the units digit of h?
5
Let q(u) = -u**2 - 2*u. Let o be q(-6). What is the units digit of 5/((-100)/o)*5?
6
Let z(x) = x**2 - 2*x - 3. Let k be z(-2). Suppose -1 = 4*l + 4*j - k, 0 = -j + 4. What is the units digit of (6 + l/3)/1?
5
Let q = 0 + 6. Suppose 2*h = -h + q. Suppose -2*f + 20 + h = 0. What is the units digit of f?
1
Let v = -3 - -6. Suppose -v*d + 0*d - 3 = 0. What is the units digit of 5*d*6/(-10)?
3
Let k(f) = 3*f - 2. What is the units digit of k(9)?
5
Let b = 84 - 47. Suppose -6 - 2 = 2*g, 2*g - b = -5*s. What is the units digit of s?
9
Let h be (-16)/(-7) + 2/(-7). Let y(m) = m**2 - h*m + 4*m + 0 + 1. What is the units digit of y(-2)?
1
Let p = 964 - 512. What is the units digit of p?
2
Suppose 0*z - 88 = -2*z. Let p = -23 + z. What is the tens digit of p?
2
Let a(m) = m**2 - 8*m + 7. Let f be a(6). Suppose -4*p + 10 = -22. Let r = p + f. What is the units digit of r?
3
Let t(y) = y**3 + 4*y**2 - 7*y - 5. Let q be t(-5). Let n(w) = w**2 - 11*w - 14. Let f be n(12). What is the units digit of (f - q)*2/(-2)?
7
Let o = -7 - -6. What is the units digit of o/4 - 27/(-12)?
2
Let q(o) = -4*o - 9. Let g be q(-6). Suppose 3*i = -i - 36. Let x = i + g. What is the units digit of x?
6
Suppose -3*t = -2*t. Suppose -k = -r, t*r + r = 1. What is the units digit of k?
1
Suppose 0 = 4*g - 2*v - 6 - 8, 4*g + 4*v = 8. Suppose -3*c - 2*c + 11 = 2*a, 0 = 3*a - g*c - 48. What is the units digit of a?
3
Let w(x) be the first derivative of x**4/12 - x**3/2 + x**2/2 - 1. Let q(y) be the second derivative of w(y). What is the units digit of q(2)?
1
Let k = -4 + 7. Suppose -18 = -4*t - z, -3*t - 5*z + 25 = k. What is the units digit of t?
4
Let g(b) be the third derivative of -b**4/24 + b**3/3 + 3*b**2. Let a = -1 - 1. What is the units digit of g(a)?
4
What is the tens digit of 266/6 + 4/6?
4
Suppose 0 = 5*s - 5*x - 535, x = -x. What is the tens digit of s?
0
Suppose -2*x - 47 + 17 = 0. Let k = -21 - x. Let c = 13 + k. What is the units digit of c?
7
Suppose -170 = 2*d - 6. Let i = d - -126. What is the units digit of i?
4
Let g = 2 + 2. Let j(d) = d - 2. Let c be j(g). What is the tens digit of c - (-1)/(2/26)?
1
Suppose -3*g - 5 = -230. What is the tens digit of g?
7
Let w be 18/4 - (-1)/(-2). Let s be (-2)/(3/(18/w)). Let n = s - -9. What is the units digit of n?
6
Let w = -12 - -19. Let p(s) = w + 6*s**2 + 9*s**3 + s + 0*s**2 - 8*s**3. What is the units digit of p(-6)?
1
Suppose 0 = -4*v - 5*n + 36, n = -v - 3*n + 9. What is the units digit of v?
9
Suppose 4*r - 1 = 3. Let y = r - 0. What is the units digit of y?
1
Suppose 2*i - 3*i = 3*x - 2, -3*x = 4*i + 10. Let z be (i/5)/((-2)/70). Suppose 0 = 4*h - z + 8. What is the units digit of h?
5
Let l = 10 + -2. Suppose -l = -3*y - y. What is the units digit of (y/(-3))/((-2)/27)?
9
Suppose 3*z - z = 2, z = -4*c + 9. Let l be 1/(c/4*-1). Let a(s) = s**3 + 3*s**2 + 2*s + 1. What is the units digit of a(l)?
1
Suppose 0 = 2*l - 2*k - 8, -4*k = 5*l - 3 + 1. What is the units digit of (27/6)/(1/l)?
9
Let p(a) = 3*a**2 - 2*a + 3. What is the units digit of p(2)?
1
Let y(u) = u**3 + 3*u**2 + u + 1. Let d be y(-3). What is the units digit of (3 - 4 - d)*4?
4
Let u = 170 + -44. What is the units digit of u?
6
Let q = 15 - 4. What is the units digit of q?
1
Let w(f) = f + 3. Let n = -10 + 8. Let i(k) = 4*k**2 + 2*k - 2. Let q be i(n). What is the units digit of w(q)?
3
Let m be ((-6)/9)/(2/(-36)). Let d be (1 - 0)*(5 - 0). Suppose v + m = d*v. What is the units digit of v?
3
Let q = 43 - 54. Let d be (-8)/6*(-402)/(-4). What is the tens digit of 6/(-33) + d/q?
1
Let s be ((-4)/6)/(30/(-135)). Suppose 0 = s*p - 38 - 142. What is the tens digit of p?
6
Let p be (-12)/15*(3 + -8). Suppose -11 = p*c - 143. What is the units digit of c?
3
Let h be (-12 + 0)*(-8)/16. Suppose -h - 34 = -2*k. What is the units digit of k?
0
What is the tens digit of 343/8 - (-1)/8?
4
Let p(w) = 5*w - 4*w**2 + 0*w**2 - w**2 + 4*w**2 + 6. What is the units digit of p(5)?
6
Let n = 107 - 31. What is the units digit of n?
6
Let g(h) = -3 + 2*h - 4*h**2 - h**2 - 3*h**2 + 5*h**2 + h**3. What is the units digit of g(3)?
3
Suppose 4*d - 19 = 1. Let l = -4 + d. Let b = l - -8. What is the units digit of b?
9
Suppose -i + 48 = 3*i. Let v(p) = p + 6. What is the units digit of v(i)?
8
Let f(n) = 8*n + 15. Let s be f(-7). Let w = s + 69. What is the tens digit of w?
2
Let n be -1*0/(4 + -1). Suppose -5*m = -5*t + 15, n*t - t + 9 = 5*m. What is the units digit of m*-2 + (-12)/(-3)?
2
Let f(b) = -18*b + 17. What is the tens digit of f(-3)?
7
Let o be (-8)/(1 - 0) - 0. What is the units digit of (0 + -4)*22/o?
1
Suppose 0 = a - 133 + 66. What is the units digit of a?
7
Suppose 3*g + g - 2*v - 30 = 0, -40 = -4*g + 4*v. Let i(o) = o - 7. Let d be i(g). Let p(t) = -4*t + 1. What is the units digit of p(d)?
9
Let z = 51 - -31. What is the units digit of z?
2
Suppose -2*k = 4*h - 3 - 41, -88 = -4*k + h. What is the units digit of k?
2
Let a(d) = -4*d + 9. Let r(u) = -5 + 1 + 5*u - 5 + 0. Let p(n) = 6*a(n) + 5*r(n). What is the units digit of p(0)?
9
Let m be (-26)/(-13) + 14/2. What is the tens digit of m*(-4 + 5 + 2)?
2
Let o = -8 - -5. Let s = o + -1. What is the units digit of s/16 - (-25)/4?
6
What is the tens digit of 4920/36 + (-2)/3?
3
Let p(k) = k**2 + 11*k - 22. What is the tens digit of p(-16)?
5
Suppose 15 = -u + 5*x, 0 = 3*u + 4*x - 27 - 4. Let k = u + -3. What is the tens digit of 0 + k - (-18 - -3)?
1
Suppose -4*l = 4*k - 84, 209 = 4*k - 4*l + 85. What is the units digit of k?
6
Let i = 164 - 20. What is the tens digit of i?
4
Suppose b = 2*u + 7, -4*b - 3*u = -2 - 15. Let m be -18*b/((-15)/4). Suppose -4*d + m + 0 = 0. What is the units digit of d?
6
Suppose 0 = o - 3*o + 24. Suppose 3*q - o = -2*n + 22, 0 = -4*q + 8. What is the tens digit of n?
1
Let t be 4 + -3 + (-4)/(-2). Suppose 0 = g + t + 8. Let m = g + 18. What is the units digit of m?
7
Let m be 2/((-2)/(-25) + 0). What is the tens digit of (2 - (-2)/(-1)) + m?
2
Suppose -4*m - 133 = -4*u - u, 0 = u + 4*m - 17. What is the units digit of u?
5
Let a be 4/(-10) - (-27)/5. Let m = -3 + a. Let b = 3 - m. What is the units digit of b?
1
Let x = -7 - -20. Let k = x + -9. Suppose 6*a - a = 15, k*w + a - 7 = 0. What is the units digit of w?
1
Suppose 0 = 5*s - 25, 3*s + 2*s + 69 = -w. What is the tens digit of (-20)/30 + w/(-6)?
1
Let r = 0 + 1. Suppose r = -5*l + 6*l. Let w = l - -15. What is the tens digit of w?
1
Suppose -4*s - 40 = -172. What is the units digit of s?
3
Let i(s) = s**2 + s - 3. Let p(k) = k**3 + 2*k**2 - 3*k - 3. Let f be p(-3). What is the units digit of i(f)?
3
Suppose 5*l - 45 = -5*k, -4*k + 25 = k. Suppose -l*h - 2*g = -40 - 116, -2*h - 3*g + 82 = 0. What is the units digit of h?
8
What is the hundreds digit of 11/(-4)*(-63 - (0 + 5))?
1
Let p(c) = c**3 - 3*c**2 - 13*c + 3. Let n(w) = w**3 + 15*w**2 + 15*w + 20. Let r be n(-14). What is the tens digit of p(r)?
3
Let s(i) = 7*i**3 - 4*i**2 + 4*i - 2. Let c be s(2). Let y = -24 + c. What is the units digit of y?
2
Let v(c) = 8*c**2 + c. Suppose 5*n + 1 = 6*n. Let t be v(n). Let s = 5 + t. What is the tens digit of s?
1
Suppose 0 = 4*b + 5*j - 340, -4*b - j + 398 - 58 = 0. What is the units digit of b?
5
Let o(n) = -2*n**3 - 3*n**2 - n + 3. Let w be o(-3). Suppose -5*z + 27 + w = 0. What is the tens digit of z?
1
Suppose -6*l + 2*l + 4*o + 176 = 0, -4*l - 2*o + 152 = 0. What is the tens digit of l?
4
Let c = -25 + 37. Suppose 3*b - c = -0*b. What is the units digit of b?
4
Let b = 165 + -86. What is the units digit of b?
9
Let b(z) = 3 + 10*z**2 + 0 - 9*z + z**3 - 2*z**3 + 1. Let t be b(9). Suppose t*l = -5*h - 0*l + 41, -h = 4*l - 5. What is the units digit of h?
9
Let y(s) = 26*s - 1. Let n be y(2). Let m = 76 - n. What is the tens digit of m?
2
Let b(o) = o**2 - 11*o + 3. What is the tens digit of b(-7)?